3*i(d). Give r(0).
-12
Let n(b) = -2 + 110*b - 5*b**2 + 3*b**2 - 207*b + b**2 + 106*b. What is n(3)?
16
Suppose -5*l - y + 117 = -3, 5*y = -3*l + 72. Suppose -l*d + 18*d + 24 = 0. Let s(v) = -v**3 + 2*v**2 + 4*v + 3. What is s(d)?
-13
Let x = -62 - -978. Let h(c) = -1839*c - 2*c**2 - 9 + 917*c + x*c. Give h(-4).
-17
Let k(d) = 3*d**2 - 16*d. Suppose 84 = 18638*b - 18626*b. Determine k(b).
35
Let m(j) = -87*j**2 - 17*j - 3. Let x(h) = 139*h**2 + 25*h + 4. Let t(w) = -8*m(w) - 5*x(w). Give t(0).
4
Let r(j) = 15*j + 3 + 14*j + 13 + 0*j - 25*j. Let c(b) = -b - 5. Let k be c(0). Let q be r(k). Let u(x) = -x**3 - 5*x**2 - 3*x + 2. Calculate u(q).
-2
Let l(u) be the first derivative of -u**4/2 + u + 1. Let a(f) = f**2 + 60*f - 8507. Let s be a(67). Give l(s).
-15
Let f be (-40 - 0 - -18) + (-1 - -10). Let r(z) = z**2 + 15*z + 34. Calculate r(f).
8
Let r = 289 - 180. Suppose 0 = r*j - 110*j + 8. Let a(f) = j*f - 8 - 28*f**3 + 15*f**3 + 14*f**3 + 9*f**2. Determine a(-8).
-8
Let i(u) = u**2 + 9*u - 19. Let d(y) = -53*y + 201. Suppose -36*k - 76 = -55*k. Let z be d(k). What is i(z)?
3
Let f(o) = -o**2 + o - 1. Let p(v) = -5*v**2 + 5*v - 9. Let k(c) = -6*f(c) + p(c). Suppose -3*s - 3*i = -234, 2*s = -4*i + 198 - 46. Let x = 83 - s. Give k(x).
3
Let v(d) = 883*d**2 + 14*d + 48 - 2621*d**2 + 868*d**2 + 871*d**2. Calculate v(-4).
8
Let h(a) = -a**2 + 2*a - 4. Let f(t) = -t**2 - 5*t - 4. Let o be f(-3). Let n be ((2/6)/(2/48))/o. Determine h(n).
-12
Let j be 4/6*3/(-2). Let z be (j - (-3 - 20))/2. Suppose z = -n + 8. Let y(x) = 2*x + 2. What is y(n)?
-4
Suppose -n - 3*s + 19 = 2*s, 2*s = -n + 7. Let w(f) be the third derivative of -3/4*f**4 + 0*f - 1/6*f**3 + 0 - 42*f**2. Calculate w(n).
17
Let h(c) = 2620*c**2 + 27 - 7863*c**2 + 2623*c**2 + 2621*c**2 + 13*c. Determine h(-13).
27
Let z = 9 - 9. Let u(n) be the second derivative of -n**5/20 + n**4/12 - n**3/6 - 16*n**2 - 142*n. Calculate u(z).
-32
Let j = 271 + -270. Let z(p) = 7*p + 11. Let o(l) = l**2 + 3*l - 1. Let n(y) = j*o(y) + z(y). Calculate n(-9).
1
Let u(n) = -35*n - 3. Let a be u(-1). Suppose a + 1 = b - 4*h, 3*h + 71 = 2*b. Let w(d) = -17*d + b*d + 1 - 19*d. Calculate w(3).
4
Let c(q) be the third derivative of q**5/60 - q**4/4 + q**3/6 - 2*q**2. Suppose 11*h - 21 = 4 + 19. Give c(h).
-7
Let i(o) = 2*o**2 + 42751*o**3 - 42753*o**3 + 6 - 5*o + 4*o**2 + 0*o**2. Determine i(4).
-46
Let y(v) be the first derivative of -1/2*v**2 + 54 + 10*v. What is y(8)?
2
Let g(j) be the second derivative of j**3/3 - 6*j**2 + 33*j. Let n(t) = 3*t**2 - 2*t**2 - 7*t + 0*t**2 - 2 + 16*t. Let b be n(-10). What is g(b)?
4
Let f be ((-1)/2)/(5/30). Let n(p) = -p**2 + 2*p + 2. Let k be n(0). Let d(v) = 2*v**2 - 513*v + 514*v + 2 + k + v**3. Give d(f).
-8
Let n(u) = -2*u**2 + 17*u - 23. Let b(h) = -h**2 + 8*h - 12. Let r(a) = 7*b(a) - 4*n(a). Let v be (-2)/((63/7)/(-45)). What is r(v)?
-12
Let j be ((-48)/40)/((-14 - -15)/(10/4)). Let q(g) = -17*g - 18. Determine q(j).
33
Let k(q) = 4*q - 9. Let c be k(3). Suppose 8 = 4*z - c*y, 0 = -0*y + 4*y + 16. Let n(o) = 11*o - 4. Let w(v) = v - 1. Let m(u) = n(u) - 5*w(u). Give m(z).
-5
Let x(u) = 46*u - 51. Let j be x(5). Let y(b) = 179 - 27*b + 26*b - j. Let f(n) = n**3 - 2*n**2 - 2*n + 3. Let i be f(2). Determine y(i).
1
Let n = 44 + -43. Let m be ((-6)/60)/(n/(-116))*10. Let k(f) = -m - 3*f**3 - 6*f**3 + 117. Give k(-1).
10
Suppose -5*b + 4*b - 5*p + 15 = 0, 3*p - 7 = -b. Let r(z) = 0 - 5 + 1 + 0*z + 6*z + z. Calculate r(b).
-39
Let c = 182 - 168. Let b be 52/(-4) - (c/7 + -6). Let m(w) = 2*w - 5. What is m(b)?
-23
Suppose -3*a = 3*y + 57, -2*a - 13 = y - 3*a. Let t(p) = -9517*p - 125. Let o(b) = 2115*b + 31. Let h(z) = 9*o(z) + 2*t(z). Give h(y).
13
Suppose -3*u - 9*v + 13*v = -22, -2*u - v = 0. Let k(h) = -3*h + 10. Determine k(u).
4
Let g(o) = 7*o + 45. Let c be g(-27). Let b = c - -144. Let a(p) = -p**3 + 2. Determine a(b).
2
Let m(o) be the second derivative of o**5/60 + o**4/8 - 4*o**3/3 - 11*o. Let h(y) be the second derivative of m(y). Let k = -317 - -320. What is h(k)?
9
Let w(p) be the second derivative of -3*p - 3 + 1/3*p**4 - 1/20*p**5 + 1/2*p**2 + 5/6*p**3. Give w(5).
1
Let u(h) = 4*h + 3. Let y be (3 - 2)*(2 - 1). Let w be u(y). Let m(a) = -a**3 + 6*a**2 + 6*a. Let f be m(w). Let s(z) = -z - 9. Give s(f).
-2
Let s(y) = -4*y - 34. Let i be s(-13). Let q(k) = 12 + 4*k - i - 9*k. Give q(-3).
9
Let h(n) = -4*n**2 + 21*n + 20. Let r(x) = -6*x**2 + 54*x + 40. Let g(w) = 7*h(w) - 4*r(w). Determine g(-17).
-3
Let x(k) = 49*k + 67 + 53*k + 51*k - 161*k. Give x(8).
3
Let w(c) be the second derivative of -c**5/20 - 2*c**4/3 + 5*c**3/3 - 3*c**2 + 5*c - 339. Calculate w(-9).
-15
Let q = 12322 - 12328. Let d(k) = -k**2 - 4*k + 10. What is d(q)?
-2
Suppose -3*x + 105 = -3*v + 156, -v - 3*x = -41. Let o(m) = -m + 76. Determine o(v).
53
Let v(x) be the second derivative of 1/2*x**4 + 4/3*x**3 + 0 - 27*x - 1/20*x**5 - 4*x**2. Suppose f + 21 = 4*f + j, -j = -4*f + 28. Give v(f).
-1
Let k(z) = 15*z**3 + 51*z**2 - z + 141*z**2 - 1 - 192*z**2. Determine k(-1).
-15
Let m(h) = -2*h**3 - 3*h**2 - h - 1. Let y(r) = -7*r**3 + 2*r**2 - 14*r + 6. Let c(a) = -3*m(a) + y(a). Calculate c(10).
-1
Suppose -184 = 4*v + 4*z, -5*v - 349 = -5*z - 79. Let k = -46 - v. Suppose -k = 3*p + 8, -d - 3*p = 6. Let f(r) = -r**2 + 8*r - 6. Determine f(d).
6
Let f(b) = 1 + b - 2*b + 0*b + 2*b. Let x = 630 + -621. What is f(x)?
10
Let g(j) = 7*j + j**2 + 2*j**2 - 2 + 2*j**2 - 4*j**2. Suppose -20*x - 45748 = -45608. What is g(x)?
-2
Let g(m) be the second derivative of 25*m**3/3 + 245*m**2/2 - 44*m - 3. Let n be g(-5). Let d(v) = 2*v + 8. Give d(n).
-2
Let z(i) = i**2 - 5*i + 5. Suppose 721*d = 714*d + 35. What is z(d)?
5
Let i(o) be the first derivative of -3*o + 2 + o**3 - 2*o**2 - 23 + 5. Suppose -5*k + 5 = 15. Calculate i(k).
17
Let u(l) be the first derivative of l**5/120 - l**4/24 + l**3/3 + 18*l + 115. Let z(b) be the third derivative of u(b). Calculate z(0).
-1
Let f(h) = -6*h - 3. Let w = 560 - 539. Let p be 5*(-9)/15*-1. Suppose -5*m = p*l + w, 4*m + 4*l = -16 - 4. Give f(m).
15
Let a(r) be the second derivative of -r**5/20 + 11*r**4/12 - 29*r**3/6 + 3*r**2/2 - 712*r. What is a(4)?
-1
Let m(h) = -19015*h**2 + 25 + 73 - 9*h - 15*h + 19016*h**2. What is m(18)?
-10
Let c(s) = s**3 + 5*s**2 - 7*s - 7. Suppose 5*k + 17 = 9*k - 5*d, 12 = 4*d. Suppose 4 + k = -3*n + 2*u, 3 = n - 3*u. Give c(n).
-1
Let t = 397 + -450. Let o(b) = -3*b**2 - 158*b + 48. Give o(t).
-5
Let s(o) = o**3 - 4*o**2 - 6*o + 11. Let l be 8/36 - 86/(-18). Let z be s(l). Let j(h) = -5*h - 4 + h**2 + 8 - z. Give j(5).
-2
Let b(v) = v - 4. Let z be 100/(-6) + 7/(-21). Let a(o) = o + 28. Let n be a(z). Determine b(n).
7
Let d(o) = 189*o + 1144. Let b be d(-6). Let f(v) = 7*v - 78. Calculate f(b).
-8
Let y(a) = 162*a + 193. Let i(s) = -57*s - 65. Let d(p) = 17*i(p) + 6*y(p). What is d(-14)?
11
Let l(o) = -15*o - 161. Let h(t) = -14*t - 159. Let j(f) = 3*h(f) - 2*l(f). Calculate j(-13).
1
Let o be 5/(2 + 2*(-39)/42). Suppose -5*x = -5*d - o, -3*x + 5*d + 23 = -4*x. Let g(a) = a**3 - 6*a**x + a**2 - 4 - 1 - 5*a. Give g(6).
1
Let d(l) = 62*l - 805. Let j be d(13). Let z(k) = -7*k**2 - 10*k + 11. What is z(j)?
-6
Let w(p) = 46*p + 4. Let d(s) = -15*s - 1. Let b(h) = 17*d(h) + 6*w(h). Let a be (-2)/(3*6/117). Let x(l) = 10*l + 3. Let i(n) = a*x(n) + 6*b(n). Give i(4).
-13
Let p = 4894 + -4866. Let r(w) = -w**2 + 29*w - 30. What is r(p)?
-2
Let g = -48 - 25. Let o = -76 - g. Let b(z) = -z**2 - 1. Let r(i) = -4*i**2 - 4*i + 4. Let u(q) = o*b(q) + r(q). Determine u(-7).
-14
Let f(z) = -4*z + 40. Let p(l) = 2*l - 21. Suppose -4*a - 6*n + 3*n = -20, -5*a + 25 = -5*n. Let d(j) = a*p(j) + 3*f(j). What is d(11)?
-7
Let p(m) = 50*m + 400. Let b be 56/(-6)*(-336)/392 + -16. What is p(b)?
0
Let l = 18976 + -18998. Let h(y) = 17*y + 356. Calculate h(l).
-18
Suppose b - 3*l = -132 + 107, 5*b = -5*l + 15. Let i(j) = -9*j - 43. Calculate i(b).
-7
Let f(y) = 5*y - 2. Suppose -b - 7 = -a - 2*a, -2*b - 5 = -3*a. Suppose 2*r = a*q + 5, q - 6 = 3*r - 24. Calculate f(r).
33
Let j(g) be the second derivative of -3*g**3/2 + g**2/2 - 745*g. Give j(1).
-8
Let g(w) be the first derivative of -w**2/2 - 12*w + 1. Let h be (-8 + 38/4)*-2. Let u be (h/9)/(1/18). Determine g(u).
-